{"version":"1.0","provider_name":"Danubius Magazin","provider_url":"https:\/\/www.danubiushotels.com\/hu\/magazin","author_name":"Pencz Dorottya","author_url":"https:\/\/www.danubiushotels.com\/hu\/magazin\/author\/dorottyapencz","title":"Elindult a szezon Balatonf\u00fcreden \u2013 mutatjuk az idei \u00fajdons\u00e1gokat \u00e9s programokat - Danubius Magazin","type":"rich","width":600,"height":338,"html":"<blockquote class=\"wp-embedded-content\" data-secret=\"3U7Sdo8Gim\"><a href=\"https:\/\/www.danubiushotels.com\/hu\/magazin\/elindult-a-szezon-balatonfureden\">Elindult a szezon Balatonf\u00fcreden \u2013 mutatjuk az idei \u00fajdons\u00e1gokat \u00e9s programokat<\/a><\/blockquote><iframe sandbox=\"allow-scripts\" security=\"restricted\" src=\"https:\/\/www.danubiushotels.com\/hu\/magazin\/elindult-a-szezon-balatonfureden\/embed#?secret=3U7Sdo8Gim\" width=\"600\" height=\"338\" title=\"&#8220;Elindult a szezon Balatonf\u00fcreden \u2013 mutatjuk az idei \u00fajdons\u00e1gokat \u00e9s programokat&#8221; &#8212; Danubius Magazin\" data-secret=\"3U7Sdo8Gim\" frameborder=\"0\" marginwidth=\"0\" marginheight=\"0\" scrolling=\"no\" class=\"wp-embedded-content\"><\/iframe><script type=\"text\/javascript\">\n\/* <![CDATA[ *\/\n\/*! This file is auto-generated *\/\n!function(d,l){\"use strict\";l.querySelector&&d.addEventListener&&\"undefined\"!=typeof URL&&(d.wp=d.wp||{},d.wp.receiveEmbedMessage||(d.wp.receiveEmbedMessage=function(e){var t=e.data;if((t||t.secret||t.message||t.value)&&!\/[^a-zA-Z0-9]\/.test(t.secret)){for(var s,r,n,a=l.querySelectorAll('iframe[data-secret=\"'+t.secret+'\"]'),o=l.querySelectorAll('blockquote[data-secret=\"'+t.secret+'\"]'),c=new RegExp(\"^https?:$\",\"i\"),i=0;i<o.length;i++)o[i].style.display=\"none\";for(i=0;i<a.length;i++)s=a[i],e.source===s.contentWindow&&(s.removeAttribute(\"style\"),\"height\"===t.message?(1e3<(r=parseInt(t.value,10))?r=1e3:~~r<200&&(r=200),s.height=r):\"link\"===t.message&&(r=new URL(s.getAttribute(\"src\")),n=new URL(t.value),c.test(n.protocol))&&n.host===r.host&&l.activeElement===s&&(d.top.location.href=t.value))}},d.addEventListener(\"message\",d.wp.receiveEmbedMessage,!1),l.addEventListener(\"DOMContentLoaded\",function(){for(var e,t,s=l.querySelectorAll(\"iframe.wp-embedded-content\"),r=0;r<s.length;r++)(t=(e=s[r]).getAttribute(\"data-secret\"))||(t=Math.random().toString(36).substring(2,12),e.src+=\"#?secret=\"+t,e.setAttribute(\"data-secret\",t)),e.contentWindow.postMessage({message:\"ready\",secret:t},\"*\")},!1)))}(window,document);\n\/\/# sourceURL=https:\/\/www.danubiushotels.com\/hu\/magazin\/wp-includes\/js\/wp-embed.min.js\n\/* ]]> *\/\n<\/script>\n","thumbnail_url":"https:\/\/www.danubiushotels.com\/hu\/magazin\/wp-content\/uploads\/2026\/04\/Balatonfured-123rf-66973189_l-20260427.jpg","thumbnail_width":2000,"thumbnail_height":1333,"description":"Az idei szezonban is \u00faj \u00e9lm\u00e9nyekkel v\u00e1r Balatonf\u00fcred! Meg\u00fajult sz\u00e1llodai terek, izgalmas programlehet\u0151s\u00e9gek, \u00e9s extra kedvezm\u00e9nyes sz\u00e1llodai aj\u00e1nlatok v\u00e1rnak a Danubius Hotels balatoni sz\u00e1llod\u00e1iban!"}

Elindult a szezon Balatonfüreden – mutatjuk az idei újdonságokat és programokat - Danubius Magazin

<blockquote class="wp-embedded-content" data-secret="3U7Sdo8Gim"><a href="https://www.danubiushotels.com/hu/magazin/elindult-a-szezon-balatonfureden">Elindult a szezon Balatonfüreden – mutatjuk az idei újdonságokat és programokat</a></blockquote><iframe sandbox="allow-scripts" security="restricted" src="https://www.danubiushotels.com/hu/magazin/elindult-a-szezon-balatonfureden/embed#?secret=3U7Sdo8Gim" width="600" height="338" title="&#8220;Elindult a szezon Balatonfüreden – mutatjuk az idei újdonságokat és programokat&#8221; &#8212; Danubius Magazin" data-secret="3U7Sdo8Gim" frameborder="0" marginwidth="0" marginheight="0" scrolling="no" class="wp-embedded-content"></iframe><script type="text/javascript">
/* <![CDATA[ */
/*! This file is auto-generated */
!function(d,l){"use strict";l.querySelector&&d.addEventListener&&"undefined"!=typeof URL&&(d.wp=d.wp||{},d.wp.receiveEmbedMessage||(d.wp.receiveEmbedMessage=function(e){var t=e.data;if((t||t.secret||t.message||t.value)&&!/[^a-zA-Z0-9]/.test(t.secret)){for(var s,r,n,a=l.querySelectorAll('iframe[data-secret="'+t.secret+'"]'),o=l.querySelectorAll('blockquote[data-secret="'+t.secret+'"]'),c=new RegExp("^https?:$","i"),i=0;i<o.length;i++)o[i].style.display="none";for(i=0;i<a.length;i++)s=a[i],e.source===s.contentWindow&&(s.removeAttribute("style"),"height"===t.message?(1e3<(r=parseInt(t.value,10))?r=1e3:~~r<200&&(r=200),s.height=r):"link"===t.message&&(r=new URL(s.getAttribute("src")),n=new URL(t.value),c.test(n.protocol))&&n.host===r.host&&l.activeElement===s&&(d.top.location.href=t.value))}},d.addEventListener("message",d.wp.receiveEmbedMessage,!1),l.addEventListener("DOMContentLoaded",function(){for(var e,t,s=l.querySelectorAll("iframe.wp-embedded-content"),r=0;r<s.length;r++)(t=(e=s[r]).getAttribute("data-secret"))||(t=Math.random().toString(36).substring(2,12),e.src+="#?secret="+t,e.setAttribute("data-secret",t)),e.contentWindow.postMessage({message:"ready",secret:t},"*")},!1)))}(window,document);
//# sourceURL=https://www.danubiushotels.com/hu/magazin/wp-includes/js/wp-embed.min.js
/* ]]> */
</script>

Az idei szezonban is új élményekkel vár Balatonfüred! Megújult szállodai terek, izgalmas programlehetőségek, és extra kedvezményes szállodai ajánlatok várnak a Danubius Hotels balatoni szállodáiban!
